= 984*y - 982*y. Calculate the greatest common divisor of y and p.
10
Let v = 291 + -249. Suppose -32*m = -39*m + v. What is the highest common factor of 38 and m?
2
Suppose -r + 0 = -t + 2, -2*r + 1 = -t. Suppose 0 = 85*s - 8*s - 2695. What is the highest common factor of t and s?
5
Let n be -3 - -135 - (0 - 24/(6 + -12)). Suppose -7*u + 2*u + 960 = 0. Calculate the greatest common factor of n and u.
64
Let q(j) = -j - 4. Let l be q(-7). Suppose -b - v = -4, 4*b - l*v = v + 56. Suppose 12*i = 1295 - 863. What is the highest common factor of i and b?
9
Let h be (-520)/(-28)*((-298)/(-14) + (-182)/637). Let x be 98 + -8 + -1 + 1. Calculate the highest common divisor of h and x.
30
Let n(h) = h**2 + 8*h - 18. Let f be n(-10). Suppose -f*v + 78 = 38. Let m = v + 0. What is the highest common factor of m and 60?
20
Let m(p) = 973*p + 21. Let k be m(3). Suppose -22*x + 71*x = k. Let y be (20/3)/4*12. What is the greatest common divisor of x and y?
20
Let o(z) = -z**3 + 6*z**2 + 2*z - 31. Let u be o(5). Suppose -2*t = u*y + t - 4145, 2*t + 10 = 0. Calculate the greatest common factor of 8 and y.
8
Let a(p) = 11*p - 8. Let x be a(-15). Let s = -125 - x. Calculate the greatest common factor of s and 12.
12
Suppose 0 = 4*f + 5*g - 886, -5*f + 5*g = g - 1128. Suppose -5*z - 210 = -5*b, -268*b + 265*b = -z - 106. What is the highest common factor of b and f?
32
Let p(y) = -y. Let t be p(-7). Suppose -17400*i + 17385*i + 735 = 0. Calculate the highest common divisor of i and t.
7
Let z be (6/(-4))/((-1)/154). Let j(m) = 6*m**2 - 5*m + 58. Let h be j(9). Suppose 4*u - h = -415. Calculate the greatest common factor of z and u.
21
Suppose 8166 = 25*c + 4591. Calculate the highest common factor of 77 and c.
11
Let k = -2495 - -2500. What is the greatest common divisor of k and 20?
5
Let a(f) = -22*f**2 + 119*f + 171. Let s be a(6). What is the greatest common factor of s and 9672?
93
Let b = 60 + -30. Suppose 357*n - 360*n + 2*a = -706, a - 1207 = -5*n. Calculate the greatest common factor of b and n.
30
Suppose -4*s = 4*t - 156, -130*s + 5*t = -125*s - 225. Calculate the greatest common divisor of s and 1974.
42
Suppose 0 = -3*k + 3*u - 72, -5*k + 2*u - 6*u - 156 = 0. Let f = 39 + k. Suppose -4*a + f*a - 168 = 0. What is the greatest common factor of a and 3?
3
Let k = -8615 + 12725. What is the highest common factor of 30 and k?
30
Let d(o) = -52*o + 3. Let l be d(1). Let g = l - -52. Suppose -28 = -y - g*y. What is the greatest common divisor of y and 1?
1
Let y(o) = -7*o**2 - 5*o - 3. Let a be y(-2). Let l be (77/(-4))/((-6)/(a - 3)). Let p be l/(-91) + (-2)/(-13). Calculate the highest common factor of 3 and p.
1
Let d(y) be the second derivative of 5*y**4/6 - y**3/6 + y**2/2 + 2*y - 15. Let r be d(-1). What is the highest common factor of r and 192?
12
Let u(t) = t**3 - 3*t**2 - 7*t + 6. Suppose 3*n - 2 - 40 = 0. Suppose 0 = -15*z + n*z + 5. Let d be u(z). What is the greatest common factor of 7 and d?
7
Suppose 41*s - 35*s - 108 = 0. Suppose 3*h = 4*h - 72. Suppose 3*i = -i + h. Calculate the greatest common factor of s and i.
18
Let m be ((-12)/(-30)*-16)/(99/20 + -5). What is the greatest common divisor of m and 3424?
32
Suppose b + 5*z = -0*z + 68, 5*b + 4*z = 235. Suppose -34*r = -b*r + 432. What is the highest common divisor of r and 20?
4
Suppose -2*d - w + 516 = -6*w, 30*d - 3*w - 8028 = 0. What is the highest common factor of 27068 and d?
268
Let h = -11144 + 25394. Calculate the greatest common divisor of h and 114.
114
Let n(f) = 2*f**2 - 47*f + 192. Let q be n(20). Calculate the greatest common factor of 8684 and q.
52
Let v be -5 + -125 + 2 + -1. Let d = 141 + v. What is the greatest common divisor of 138 and d?
6
Let g be (226 - -14)*(6 + 18/(-8)). Calculate the highest common factor of g and 3.
3
Suppose 501*m - 24801 = 472*m - 6560. What is the highest common divisor of m and 51?
17
Let g(m) = 62*m**2 + 801*m + 33. Let v be g(-13). Let a = -14 + 63. Calculate the greatest common divisor of a and v.
49
Let y(n) = 9*n + 156. Let f(v) = 4*v + 77. Let o(c) = 10*f(c) - 4*y(c). Let g be o(-26). Calculate the highest common factor of g and 4.
2
Let o = -73 - -121. Suppose -65 + 685 = -4*n. Let l = n - -161. What is the highest common divisor of o and l?
6
Let q(u) = u**3 + 134*u**2 - 546*u + 841. Let g be q(-138). Let r(i) = -i**3 - 7*i**2 + 2*i - 9. Let d be r(-8). What is the highest common divisor of g and d?
13
Suppose -3*j - 44 = -o + 2*j, 4*o - 86 = 2*j. Suppose -v = -3*r + 117, r - 3*v - o - 20 = 0. What is the highest common divisor of r and 65?
13
Suppose 15*x - 1804 = 16436. Calculate the greatest common divisor of 133 and x.
19
Let g be ((-99)/12)/((-6)/64). Suppose -2*o - 2*q + 102 = -82, o - 3*q = g. Suppose 0 = -0*z - 7*z + o. Calculate the greatest common divisor of 208 and z.
13
Suppose 2*g + 9369 = 5*o - 6706, g = 3*o - 9645. Suppose -8*t + 3*t - 5*z + o = 0, -1290 = -2*t + 2*z. What is the highest common factor of t and 28?
28
Let n be 1519/(-14)*24/(-42). What is the highest common divisor of 34 and n?
2
Suppose 2137 = 10*q - 6743. What is the greatest common divisor of q and 555?
111
Let l = 427886 + -427857. Let w(t) = 9*t**2 - 8*t - 4. Let g be w(-7). Calculate the highest common divisor of g and l.
29
Let a be (38/(-3))/(21 - (-1040)/(-48)). Calculate the greatest common divisor of a and 4.
1
Let v = -43 - -44. Suppose 47 = 11*r - 129. Calculate the highest common divisor of r and v.
1
Let i be 336/10*(-970)/(-582). Calculate the highest common factor of 3304 and i.
56
Let d be (15*4/36)/((-5)/(-90)). Let w be (-7)/((-42)/d)*11. Let i = 71 - 49. What is the greatest common factor of w and i?
11
Let g(j) = -j**3 + 2*j**2 + 2*j - 9. Let q be g(4). Let b be (-9)/(-1) - (q - -32). Calculate the greatest common factor of 15 and b.
5
Let v(s) = s**3 + 6*s**2 - 2*s. Let r be v(-6). Suppose 1166*u + 85*u - 12510 = 0. Calculate the highest common factor of r and u.
2
Let h be (251/(-1255))/(1/(-50)). Let y = -3 + 6. Suppose -y*a - 160 = -5*a. Calculate the greatest common factor of a and h.
10
Suppose 6 + 0 = 2*u, -5*x = u + 122. Suppose 5*h - 7*y = 60, -4*h - 3*y - 8 = -13. Let o be (640/x)/((-2)/h). Calculate the greatest common factor of o and 4.
4
Let h = 106996 + -106990. Let x be (6/(-5))/((-4)/30). What is the greatest common factor of h and x?
3
Let z be (-3)/3 - (4 + (3 - -622)). Let w be 1 - (-14)/(-8) - z/40. What is the greatest common divisor of 240 and w?
15
Let a = 162 - 43. What is the greatest common factor of a and 77?
7
Let b = 13988 + -13944. What is the greatest common divisor of 418 and b?
22
Let s(l) = -190*l**3 + 2*l**2 - 17*l - 17. Let c be s(-1). What is the greatest common divisor of 36 and c?
12
Suppose -7*u + 239 = -34. Let r = -29 + u. Let c = r + 7. What is the greatest common divisor of 153 and c?
17
Let h(m) = 4*m + 113. Let v be 15 - 2/(-5)*(0 - -10). Let d be h(v). What is the highest common factor of 21 and d?
21
Let a(x) = -70*x. Let g be a(-1). Suppose 3*k = -2*k + g. Let j = 530 - 528. What is the highest common factor of k and j?
2
Let u = 28 + -45. Let r = u - -28. Suppose 0 = 3*o - r*o + 104. What is the highest common factor of o and 52?
13
Let w be (-126)/(-168) + (-15)/4. Let j be 9/(((-54)/138)/w*1). Calculate the highest common factor of j and 92.
23
Suppose -4*n + 4 + 8 = 0. Suppose n*f - 960 + 309 = 0. Calculate the greatest common divisor of 31 and f.
31
Suppose -4*p = 2*c + 16, 2*c - 2*p + 1 = 9. Suppose c = -9*s + 4*s + 200. Let q be 15/2*(-40)/(-3). What is the highest common divisor of q and s?
20
Let m(h) be the second derivative of -h**3/2 - 11*h**2/2 + 34*h. Let p be m(-4). What is the highest common factor of 2 and p?
1
Let v be (-1)/((-13)/364) - -4. Calculate the highest common divisor of v and 72.
8
Suppose -21*s - 81 = -24*s. Let w be (-6)/(3/(s/(-2))). Let t = -14 + 68. What is the greatest common factor of w and t?
27
Let u(n) = 3*n**3 + 2*n**2 - 2*n - 1. Let w be u(3). Suppose 4*l - 324 = w. Calculate the greatest common divisor of l and 8.
8
Suppose 3*q - 64 = -2*k + 7*q, k = -3*q + 27. Let l = k - 28. Let w be ((-117)/18 + 8)/(l/12). What is the highest common divisor of 63 and w?
9
Let b(s) = -7*s**2 + 307*s - 1200. Let d be b(39). Let g = 22 + 34. Calculate 